{"id":2394,"date":"2019-09-13T13:29:05","date_gmt":"2019-09-13T11:29:05","guid":{"rendered":"http:\/\/www.palencia.uva.es\/vice-rectorate\/"},"modified":"2019-09-19T11:36:43","modified_gmt":"2019-09-19T09:36:43","slug":"vice-rectorate","status":"publish","type":"page","link":"http:\/\/www.palencia.uva.es\/en\/vice-rectorate\/","title":{"rendered":"Vice-Rectorate"},"content":{"rendered":"[et_pb_section fb_built=&#8221;1&#8243; _builder_version=&#8221;3.0.47&#8243;][et_pb_row _builder_version=&#8221;3.0.48&#8243; background_size=&#8221;initial&#8221; background_position=&#8221;top_left&#8221; background_repeat=&#8221;repeat&#8221;][et_pb_column type=&#8221;4_4&#8243; _builder_version=&#8221;3.0.47&#8243;][et_pb_text admin_label=&#8221;Saluda&#8221; module_id=&#8221;grados&#8221; _builder_version=&#8221;3.20.2&#8243; text_font=&#8221;Montserrat|||||on|||&#8221; text_text_color=&#8221;#ffffff&#8221; text_font_size=&#8221;40px&#8221; text_font_size_tablet=&#8221;30px&#8221; text_font_size_last_edited=&#8221;on|phone&#8221; text_letter_spacing=&#8221;33px&#8221; text_letter_spacing_tablet=&#8221;0px&#8221; text_letter_spacing_last_edited=&#8221;on|desktop&#8221; text_text_shadow_style=&#8221;preset1&#8243; background_color=&#8221;#bb29bb&#8221; custom_padding=&#8221;1em||&#8221;]\n<p>Greetings<\/p>\n[\/et_pb_text][\/et_pb_column][\/et_pb_row][et_pb_row custom_padding=&#8221;27px|0px|0|0px|false|false&#8221; module_class=&#8221;dashicon-enlace&#8221; _builder_version=&#8221;3.0.48&#8243;][et_pb_column type=&#8221;1_4&#8243; _builder_version=&#8221;3.0.47&#8243;][et_pb_text ul_type=&#8221;none&#8221; ol_position=&#8221;outside&#8221; ol_item_indent=&#8221;4vw&#8221; _builder_version=&#8221;3.20.2&#8243; ul_font=&#8221;Roboto|300|||||||&#8221; ul_font_size=&#8221;18px&#8221; ol_font=&#8221;Montserrat|700|||||||&#8221; ol_text_color=&#8221;#bb29bb&#8221; ol_font_size=&#8221;28px&#8221; ol_line_height=&#8221;1.5em&#8221; header_3_text_align=&#8221;center&#8221; header_3_font_size=&#8221;24px&#8221; header_5_font=&#8221;Roboto||||||||&#8221; header_5_text_align=&#8221;justify&#8221; header_5_font_size=&#8221;20px&#8221; header_5_font_size_last_edited=&#8221;on|desktop&#8221; header_5_line_height=&#8221;1.4em&#8221; background_color_gradient_direction=&#8221;90deg&#8221; custom_margin=&#8221;|||&#8221; custom_padding=&#8221;0em|0em|0em|0em|true|true&#8221;]\n<div style=\"width: 168px\" class=\"wp-caption aligncenter\">\n<img loading=\"lazy\" decoding=\"async\" class=\"size-medium\" src=\"http:\/\/www.uva.es\/export\/sites\/uva\/1.lauva\/1.03.vicerrectorados\/1.03.08.palencia\/_imagenes\/amalia_rodriguez.jpg_1452532527.jpg\" alt=\"Vicerrectora del Campus de Palencia, Amalia Rodr\u00edguez Gonz\u00e1lez\" width=\"158\" height=\"240\" \/>Vice-Rector of the Palencia Campus, Amalia Rodr\u00edguez Gonz\u00e1lez<\/div>\n[\/et_pb_text][\/et_pb_column][et_pb_column type=&#8221;3_4&#8243; _builder_version=&#8221;3.0.47&#8243;][et_pb_text ul_type=&#8221;none&#8221; ol_position=&#8221;outside&#8221; ol_item_indent=&#8221;4vw&#8221; _builder_version=&#8221;3.20.2&#8243; ul_font=&#8221;Roboto|300|||||||&#8221; ul_font_size=&#8221;18px&#8221; ol_font=&#8221;Montserrat|700|||||||&#8221; ol_text_color=&#8221;#bb29bb&#8221; ol_font_size=&#8221;28px&#8221; ol_line_height=&#8221;1.5em&#8221; header_3_text_align=&#8221;center&#8221; header_3_font_size=&#8221;24px&#8221; header_5_font=&#8221;Roboto||||||||&#8221; header_5_text_align=&#8221;justify&#8221; header_5_font_size=&#8221;20px&#8221; header_5_font_size_last_edited=&#8221;on|desktop&#8221; header_5_line_height=&#8221;1.4em&#8221; use_background_color_gradient=&#8221;on&#8221; background_color_gradient_start=&#8221;rgba(0,0,0,0.04)&#8221; background_color_gradient_end=&#8221;rgba(255,255,255,0)&#8221; background_color_gradient_direction=&#8221;90deg&#8221; background_color_gradient_start_position=&#8221;25%&#8221; background_color_gradient_end_position=&#8221;50%&#8221; custom_margin=&#8221;|||&#8221; custom_padding=&#8221;2em|3em|2em|3em|true|true&#8221;]\n<h3>Greetings from the Vice-Rector of the Palencia Campus<\/h3>\n<h5>From the Palencia Campus of the University of Valladolid, welcome to all those who want to get to know us; that come to know our degrees and our centres: the Higher Technical School of Agricultural Engineering, the Faculty of Education and the Faculty of Labour Studies, and our research structures such as the University Forestry Institute (iuFor), the Chair of Gender Studies or the Mycology Chair.<\/h5>\n<h5>The commitment to our environment, our city and province, as well as university excellence characterize us, as is amply demonstrated by the teaching and research trajectory &#8211; national and international benchmarks in various areas &#8211; of our teachers. We are committed to quality teaching and research, always remembering that investment in research more than pays off in the society ultimately served by our University. We are also committed to an internationalized university and we strive for the virtualization of our studies. We are concerned about the employability of our students, so being aware that internships in companies are a solid bridge to recruitment in the labour market, we seek the continuous increase of agreements with companies.<\/h5>\n<h5>We are an inclusive campus that is open to society and that bets on diversity, being aware that we must make our work more visible. For all these reasons, I would like to invite you to come and visit us and to the youngest, I encourage you to come and study with us.<\/h5>\n[\/et_pb_text][\/et_pb_column][\/et_pb_row][\/et_pb_section]\n","protected":false},"excerpt":{"rendered":"<p>Greetings Vice-Rector of the Palencia Campus, Amalia Rodr\u00edguez Gonz\u00e1lez Greetings from the Vice-Rector of the Palencia Campus From the Palencia Campus of the University of Valladolid, welcome to all those who want to get to know us; that come to know our degrees and our centres: the Higher Technical School of Agricultural Engineering, the Faculty [&hellip;]<\/p>\n","protected":false},"author":1,"featured_media":0,"parent":0,"menu_order":4,"comment_status":"closed","ping_status":"closed","template":"","meta":{"_acf_changed":false,"_et_pb_use_builder":"on","_et_pb_old_content":"<h3>Saluda de la Vicerrectora del Campus de Palencia<\/h3><p>Desde el Campus de Palencia de la Universidad de Valladolid, bienvenidas a todas aquellas personas que quieran acercarse a conocernos; que veng\u00e1is a conocer nuestras titulaciones y nuestros centros: la Escuela T\u00e9cnica Superior de Ingenier\u00edas Agrarias, la Facultad de Educaci\u00f3n y la Facultad de Ciencias del Trabajo, y nuestras estructuras investigadoras como el Instituto Universitario Forestal (IuFor) la C\u00e1tedra de Estudios de G\u00e9nero o la C\u00e1tedra de Micolog\u00eda.<\/p><p>El compromiso con nuestro entorno, con nuestra ciudad y provincia, as\u00ed como la excelencia universitaria nos caracterizan, como demuestra sobradamente la trayectoria docente e investigadora \u2013referentes nacionales e internacionales en varias \u00e1reas- de nuestros docentes. Apostamos por la docencia de calidad y por la investigaci\u00f3n, recordando siempre que la inversi\u00f3n en investigaci\u00f3n revierte con creces en la sociedad a la que, en \u00faltimo extremo, presta servicio nuestra Universidad. Apostamos igualmente por una universidad internacionalizada y nos esforzamos en la virtualizaci\u00f3n de nuestros estudios. Nos preocupa la empleabilidad de nuestro alumnado por lo que siendo conscientes de que las pr\u00e1cticas en empresa son un puente s\u00f3lido hacia la contrataci\u00f3n en el mercado laboral, buscamos el incremento continuo de convenios con empresas. Somos un Campus abierto a la sociedad e inclusivo que apuesta por la diversidad siendo conscientes de que debemos visibilizar nuestro trabajo a\u00fan m\u00e1s. Por todo ello quiero invitaros a que veng\u00e1is a visitarnos y a los m\u00e1s j\u00f3venes, animaros a venir a estudiar con nosotros.<\/p>","_et_gb_content_width":"","_joinchat":[],"footnotes":""},"class_list":["post-2394","page","type-page","status-publish","hentry"],"acf":[],"_links":{"self":[{"href":"http:\/\/www.palencia.uva.es\/en\/wp-json\/wp\/v2\/pages\/2394","targetHints":{"allow":["GET"]}}],"collection":[{"href":"http:\/\/www.palencia.uva.es\/en\/wp-json\/wp\/v2\/pages"}],"about":[{"href":"http:\/\/www.palencia.uva.es\/en\/wp-json\/wp\/v2\/types\/page"}],"author":[{"embeddable":true,"href":"http:\/\/www.palencia.uva.es\/en\/wp-json\/wp\/v2\/users\/1"}],"replies":[{"embeddable":true,"href":"http:\/\/www.palencia.uva.es\/en\/wp-json\/wp\/v2\/comments?post=2394"}],"version-history":[{"count":13,"href":"http:\/\/www.palencia.uva.es\/en\/wp-json\/wp\/v2\/pages\/2394\/revisions"}],"predecessor-version":[{"id":2419,"href":"http:\/\/www.palencia.uva.es\/en\/wp-json\/wp\/v2\/pages\/2394\/revisions\/2419"}],"wp:attachment":[{"href":"http:\/\/www.palencia.uva.es\/en\/wp-json\/wp\/v2\/media?parent=2394"}],"curies":[{"name":"wp","href":"https:\/\/api.w.org\/{rel}","templated":true}]}}

[et_pb_section fb_built=&#8221;1&#8243; _builder_version=&#8221;3.0.47&#8243;][et_pb_row _builder_version=&#8221;3.0.48&#8243; background_size=&#8221;initial&#8221; background_position=&#8221;top_left&#8221; background_repeat=&#8221;repeat&#8221;][et_pb_column type=&#8221;4_4&#8243; _builder_version=&#8221;3.0.47&#8243;][et_pb_text admin_label=&#8221;Saluda&#8221; module_id=&#8221;grados&#8221; _builder_version=&#8221;3.20.2&#8243; text_font=&#8221;Montserrat|||||on|||&#8221; text_text_color=&#8221;#ffffff&#8221; text_font_size=&#8221;40px&#8221; text_font_size_tablet=&#8221;30px&#8221; text_font_size_last_edited=&#8221;on|phone&#8221; text_letter_spacing=&#8221;33px&#8221; text_letter_spacing_tablet=&#8221;0px&#8221; text_letter_spacing_last_edited=&#8221;on|desktop&#8221; text_text_shadow_style=&#8221;preset1&#8243; background_color=&#8221;#bb29bb&#8221; custom_padding=&#8221;1em||&#8221;]
<p>Greetings</p>
[/et_pb_text][/et_pb_column][/et_pb_row][et_pb_row custom_padding=&#8221;27px|0px|0|0px|false|false&#8221; module_class=&#8221;dashicon-enlace&#8221; _builder_version=&#8221;3.0.48&#8243;][et_pb_column type=&#8221;1_4&#8243; _builder_version=&#8221;3.0.47&#8243;][et_pb_text ul_type=&#8221;none&#8221; ol_position=&#8221;outside&#8221; ol_item_indent=&#8221;4vw&#8221; _builder_version=&#8221;3.20.2&#8243; ul_font=&#8221;Roboto|300|||||||&#8221; ul_font_size=&#8221;18px&#8221; ol_font=&#8221;Montserrat|700|||||||&#8221; ol_text_color=&#8221;#bb29bb&#8221; ol_font_size=&#8221;28px&#8221; ol_line_height=&#8221;1.5em&#8221; header_3_text_align=&#8221;center&#8221; header_3_font_size=&#8221;24px&#8221; header_5_font=&#8221;Roboto||||||||&#8221; header_5_text_align=&#8221;justify&#8221; header_5_font_size=&#8221;20px&#8221; header_5_font_size_last_edited=&#8221;on|desktop&#8221; header_5_line_height=&#8221;1.4em&#8221; background_color_gradient_direction=&#8221;90deg&#8221; custom_margin=&#8221;|||&#8221; custom_padding=&#8221;0em|0em|0em|0em|true|true&#8221;]
<div style="width: 168px" class="wp-caption aligncenter">
<img loading="lazy" decoding="async" class="size-medium" src="http://www.uva.es/export/sites/uva/1.lauva/1.03.vicerrectorados/1.03.08.palencia/_imagenes/amalia_rodriguez.jpg_1452532527.jpg" alt="Vicerrectora del Campus de Palencia, Amalia Rodríguez González" width="158" height="240" />Vice-Rector of the Palencia Campus, Amalia Rodríguez González</div>
[/et_pb_text][/et_pb_column][et_pb_column type=&#8221;3_4&#8243; _builder_version=&#8221;3.0.47&#8243;][et_pb_text ul_type=&#8221;none&#8221; ol_position=&#8221;outside&#8221; ol_item_indent=&#8221;4vw&#8221; _builder_version=&#8221;3.20.2&#8243; ul_font=&#8221;Roboto|300|||||||&#8221; ul_font_size=&#8221;18px&#8221; ol_font=&#8221;Montserrat|700|||||||&#8221; ol_text_color=&#8221;#bb29bb&#8221; ol_font_size=&#8221;28px&#8221; ol_line_height=&#8221;1.5em&#8221; header_3_text_align=&#8221;center&#8221; header_3_font_size=&#8221;24px&#8221; header_5_font=&#8221;Roboto||||||||&#8221; header_5_text_align=&#8221;justify&#8221; header_5_font_size=&#8221;20px&#8221; header_5_font_size_last_edited=&#8221;on|desktop&#8221; header_5_line_height=&#8221;1.4em&#8221; use_background_color_gradient=&#8221;on&#8221; background_color_gradient_start=&#8221;rgba(0,0,0,0.04)&#8221; background_color_gradient_end=&#8221;rgba(255,255,255,0)&#8221; background_color_gradient_direction=&#8221;90deg&#8221; background_color_gradient_start_position=&#8221;25%&#8221; background_color_gradient_end_position=&#8221;50%&#8221; custom_margin=&#8221;|||&#8221; custom_padding=&#8221;2em|3em|2em|3em|true|true&#8221;]
<h3>Greetings from the Vice-Rector of the Palencia Campus</h3>
<h5>From the Palencia Campus of the University of Valladolid, welcome to all those who want to get to know us; that come to know our degrees and our centres: the Higher Technical School of Agricultural Engineering, the Faculty of Education and the Faculty of Labour Studies, and our research structures such as the University Forestry Institute (iuFor), the Chair of Gender Studies or the Mycology Chair.</h5>
<h5>The commitment to our environment, our city and province, as well as university excellence characterize us, as is amply demonstrated by the teaching and research trajectory &#8211; national and international benchmarks in various areas &#8211; of our teachers. We are committed to quality teaching and research, always remembering that investment in research more than pays off in the society ultimately served by our University. We are also committed to an internationalized university and we strive for the virtualization of our studies. We are concerned about the employability of our students, so being aware that internships in companies are a solid bridge to recruitment in the labour market, we seek the continuous increase of agreements with companies.</h5>
<h5>We are an inclusive campus that is open to society and that bets on diversity, being aware that we must make our work more visible. For all these reasons, I would like to invite you to come and visit us and to the youngest, I encourage you to come and study with us.</h5>
[/et_pb_text][/et_pb_column][/et_pb_row][/et_pb_section]

<p>Greetings Vice-Rector of the Palencia Campus, Amalia Rodríguez González Greetings from the Vice-Rector of the Palencia Campus From the Palencia Campus of the University of Valladolid, welcome to all those who want to get to know us; that come to know our degrees and our centres: the Higher Technical School of Agricultural Engineering, the Faculty [&hellip;]</p>

<h3>Saluda de la Vicerrectora del Campus de Palencia</h3><p>Desde el Campus de Palencia de la Universidad de Valladolid, bienvenidas a todas aquellas personas que quieran acercarse a conocernos; que vengáis a conocer nuestras titulaciones y nuestros centros: la Escuela Técnica Superior de Ingenierías Agrarias, la Facultad de Educación y la Facultad de Ciencias del Trabajo, y nuestras estructuras investigadoras como el Instituto Universitario Forestal (IuFor) la Cátedra de Estudios de Género o la Cátedra de Micología.</p><p>El compromiso con nuestro entorno, con nuestra ciudad y provincia, así como la excelencia universitaria nos caracterizan, como demuestra sobradamente la trayectoria docente e investigadora –referentes nacionales e internacionales en varias áreas- de nuestros docentes. Apostamos por la docencia de calidad y por la investigación, recordando siempre que la inversión en investigación revierte con creces en la sociedad a la que, en último extremo, presta servicio nuestra Universidad. Apostamos igualmente por una universidad internacionalizada y nos esforzamos en la virtualización de nuestros estudios. Nos preocupa la empleabilidad de nuestro alumnado por lo que siendo conscientes de que las prácticas en empresa son un puente sólido hacia la contratación en el mercado laboral, buscamos el incremento continuo de convenios con empresas. Somos un Campus abierto a la sociedad e inclusivo que apuesta por la diversidad siendo conscientes de que debemos visibilizar nuestro trabajo aún más. Por todo ello quiero invitaros a que vengáis a visitarnos y a los más jóvenes, animaros a venir a estudiar con nosotros.</p>
