{"id":2760,"date":"2019-11-04T13:38:17","date_gmt":"2019-11-04T12:38:17","guid":{"rendered":"http:\/\/www.palencia.uva.es\/vice-rectorat\/"},"modified":"2019-11-04T13:38:17","modified_gmt":"2019-11-04T12:38:17","slug":"vice-rectorat","status":"publish","type":"page","link":"https:\/\/www.palencia.uva.es\/fr\/vice-rectorat\/","title":{"rendered":"Vice-Rectorat"},"content":{"rendered":"[et_pb_section fb_built=&#8221;1&#8243; _builder_version=&#8221;3.0.47&#8243;][et_pb_row _builder_version=&#8221;3.0.48&#8243; background_size=&#8221;initial&#8221; background_position=&#8221;top_left&#8221; background_repeat=&#8221;repeat&#8221;][et_pb_column type=&#8221;4_4&#8243; _builder_version=&#8221;3.0.47&#8243;][et_pb_text admin_label=&#8221;Saluda&#8221; module_id=&#8221;grados&#8221; _builder_version=&#8221;3.20.2&#8243; text_font=&#8221;Montserrat|||||on|||&#8221; text_text_color=&#8221;#ffffff&#8221; text_font_size=&#8221;40px&#8221; text_font_size_tablet=&#8221;30px&#8221; text_font_size_last_edited=&#8221;on|phone&#8221; text_letter_spacing=&#8221;33px&#8221; text_letter_spacing_tablet=&#8221;0px&#8221; text_letter_spacing_last_edited=&#8221;on|desktop&#8221; text_text_shadow_style=&#8221;preset1&#8243; background_color=&#8221;#bb29bb&#8221; custom_padding=&#8221;1em||&#8221;]\n<p>SALUE<\/p>\n[\/et_pb_text][\/et_pb_column][\/et_pb_row][et_pb_row custom_padding=&#8221;27px|0px|0|0px|false|false&#8221; module_class=&#8221;dashicon-enlace&#8221; _builder_version=&#8221;3.0.48&#8243;][et_pb_column type=&#8221;1_4&#8243; _builder_version=&#8221;3.0.47&#8243;][et_pb_text ul_type=&#8221;none&#8221; ol_position=&#8221;outside&#8221; ol_item_indent=&#8221;4vw&#8221; _builder_version=&#8221;3.20.2&#8243; ul_font=&#8221;Roboto|300|||||||&#8221; ul_font_size=&#8221;18px&#8221; ol_font=&#8221;Montserrat|700|||||||&#8221; ol_text_color=&#8221;#bb29bb&#8221; ol_font_size=&#8221;28px&#8221; ol_line_height=&#8221;1.5em&#8221; header_3_text_align=&#8221;center&#8221; header_3_font_size=&#8221;24px&#8221; header_5_font=&#8221;Roboto||||||||&#8221; header_5_text_align=&#8221;justify&#8221; header_5_font_size=&#8221;20px&#8221; header_5_font_size_last_edited=&#8221;on|desktop&#8221; header_5_line_height=&#8221;1.4em&#8221; background_color_gradient_direction=&#8221;90deg&#8221; custom_margin=&#8221;|||&#8221; custom_padding=&#8221;0em|0em|0em|0em|true|true&#8221;]<img loading=\"lazy\" decoding=\"async\" class=\"size-medium\" src=\"http:\/\/www.uva.es\/export\/sites\/uva\/1.lauva\/1.03.vicerrectorados\/1.03.08.palencia\/_imagenes\/amalia_rodriguez.jpg_1452532527.jpg\" alt=\"Vicerrectora del Campus de Palencia, Amalia Rodr\u00edguez Gonz\u00e1lez\" width=\"158\" height=\"240\" \/><br \/>\nVice-rectrice du Campus de Palencia, Mme. Amalia Rodr\u00edguez Gonz\u00e1lez<br \/>\n[\/et_pb_text][\/et_pb_column][et_pb_column type=&#8221;3_4&#8243; _builder_version=&#8221;3.0.47&#8243;][et_pb_text ul_type=&#8221;none&#8221; ol_position=&#8221;outside&#8221; ol_item_indent=&#8221;4vw&#8221; _builder_version=&#8221;3.20.2&#8243; ul_font=&#8221;Roboto|300|||||||&#8221; ul_font_size=&#8221;18px&#8221; ol_font=&#8221;Montserrat|700|||||||&#8221; ol_text_color=&#8221;#bb29bb&#8221; ol_font_size=&#8221;28px&#8221; ol_line_height=&#8221;1.5em&#8221; header_3_text_align=&#8221;center&#8221; header_3_font_size=&#8221;24px&#8221; header_5_font=&#8221;Roboto||||||||&#8221; header_5_text_align=&#8221;justify&#8221; header_5_font_size=&#8221;20px&#8221; header_5_font_size_last_edited=&#8221;on|desktop&#8221; header_5_line_height=&#8221;1.4em&#8221; use_background_color_gradient=&#8221;on&#8221; background_color_gradient_start=&#8221;rgba(0,0,0,0.04)&#8221; background_color_gradient_end=&#8221;rgba(255,255,255,0)&#8221; background_color_gradient_direction=&#8221;90deg&#8221; background_color_gradient_start_position=&#8221;25%&#8221; background_color_gradient_end_position=&#8221;50%&#8221; custom_margin=&#8221;|||&#8221; custom_padding=&#8221;2em|3em|2em|3em|true|true&#8221;]\n<h3>Salutations de la Vice-rectrice du Campus de Palencia<\/h3>\n<h5>Depuis le Campus de Palencia de l\u2019Universit\u00e9 de Valladolid, je souhaite la bienvenue \u00e0 toutes les personnes qui d\u00e9sirent nous conna\u00eetre; venez conna\u00eetre nos qualifications et nos \u00e9tablissements: l\u2019\u00c9cole Technique sup\u00e9rieure de G\u00e9nies Agraires, la Facult\u00e9 d\u2019\u00c9ducation et la Facult\u00e9 des Sciences du Travail, ainsi que nos structures de recherche comme l\u2019Institut universitaire forestier (IuFor), la Chaire d\u2019\u00c9tudes de Genre ou la Chaire de Mycologie.<\/h5>\n<h5>L\u2019engagement avec notre environnement, avec notre ville et notre province, ainsi que l\u2019excellence universitaire nous caract\u00e9risent, ce qui est largement d\u00e9montr\u00e9 par l\u2019exp\u00e9rience en mati\u00e8re d\u2019enseignement et de recherche \u2013 r\u00e9f\u00e9rences nationales et internationales en plusieurs secteurs \u2013 de nos enseignants. Nous misons sur l\u2019enseignement de qualit\u00e9 et sur la recherche, en rappelant toujours que les investissements en recherche sont plus que repris dans la soci\u00e9t\u00e9 \u00e0 laquelle, en fin de compte, notre Universit\u00e9 rend service. Nous misons aussi sur une universit\u00e9 internationalis\u00e9e et faisons de grands efforts en ce qui concerne la virtualisation de nos \u00e9tudes. Nous avons de grands soucis pour l\u2019employabilit\u00e9 de nos \u00e9l\u00e8ves, et conscients du fait que les stages en entreprise favorisent le recrutement sur le march\u00e9 du travail, nous cherchons sans cesse des collaborations avec des entreprises.<\/h5>\n<h5>Nous sommes un Campus ouvert \u00e0 la soci\u00e9t\u00e9 et inclusif qui mise sur la diversit\u00e9 en \u00e9tant conscients que nous devons rendre notre travail encore plus visible. Pour ces raisons, nous voulons vous inviter \u00e0 nous rendre visite et, aux plus jeunes, \u00e0 venir \u00e9tudier chez nous.<\/h5>\n[\/et_pb_text][\/et_pb_column][\/et_pb_row][\/et_pb_section]\n","protected":false},"excerpt":{"rendered":"<p>SALUE Vice-rectrice du Campus de Palencia, Mme. Amalia Rodr\u00edguez Gonz\u00e1lez Salutations de la Vice-rectrice du Campus de Palencia Depuis le Campus de Palencia de l\u2019Universit\u00e9 de Valladolid, je souhaite la bienvenue \u00e0 toutes les personnes qui d\u00e9sirent nous conna\u00eetre; venez conna\u00eetre nos qualifications et nos \u00e9tablissements: l\u2019\u00c9cole Technique sup\u00e9rieure de G\u00e9nies Agraires, la Facult\u00e9 d\u2019\u00c9ducation [&hellip;]<\/p>\n","protected":false},"author":1,"featured_media":0,"parent":0,"menu_order":4,"comment_status":"closed","ping_status":"closed","template":"","meta":{"_acf_changed":false,"_et_pb_use_builder":"on","_et_pb_old_content":"<h3>Saluda de la Vicerrectora del Campus de Palencia<\/h3><p>Desde el Campus de Palencia de la Universidad de Valladolid, bienvenidas a todas aquellas personas que quieran acercarse a conocernos; que veng\u00e1is a conocer nuestras titulaciones y nuestros centros: la Escuela T\u00e9cnica Superior de Ingenier\u00edas Agrarias, la Facultad de Educaci\u00f3n y la Facultad de Ciencias del Trabajo, y nuestras estructuras investigadoras como el Instituto Universitario Forestal (IuFor) la C\u00e1tedra de Estudios de G\u00e9nero o la C\u00e1tedra de Micolog\u00eda.<\/p><p>El compromiso con nuestro entorno, con nuestra ciudad y provincia, as\u00ed como la excelencia universitaria nos caracterizan, como demuestra sobradamente la trayectoria docente e investigadora \u2013referentes nacionales e internacionales en varias \u00e1reas- de nuestros docentes. Apostamos por la docencia de calidad y por la investigaci\u00f3n, recordando siempre que la inversi\u00f3n en investigaci\u00f3n revierte con creces en la sociedad a la que, en \u00faltimo extremo, presta servicio nuestra Universidad. Apostamos igualmente por una universidad internacionalizada y nos esforzamos en la virtualizaci\u00f3n de nuestros estudios. Nos preocupa la empleabilidad de nuestro alumnado por lo que siendo conscientes de que las pr\u00e1cticas en empresa son un puente s\u00f3lido hacia la contrataci\u00f3n en el mercado laboral, buscamos el incremento continuo de convenios con empresas. Somos un Campus abierto a la sociedad e inclusivo que apuesta por la diversidad siendo conscientes de que debemos visibilizar nuestro trabajo a\u00fan m\u00e1s. Por todo ello quiero invitaros a que veng\u00e1is a visitarnos y a los m\u00e1s j\u00f3venes, animaros a venir a estudiar con nosotros.<\/p>","_et_gb_content_width":"","_joinchat":[],"footnotes":""},"class_list":["post-2760","page","type-page","status-publish","hentry"],"acf":[],"_links":{"self":[{"href":"https:\/\/www.palencia.uva.es\/fr\/wp-json\/wp\/v2\/pages\/2760","targetHints":{"allow":["GET"]}}],"collection":[{"href":"https:\/\/www.palencia.uva.es\/fr\/wp-json\/wp\/v2\/pages"}],"about":[{"href":"https:\/\/www.palencia.uva.es\/fr\/wp-json\/wp\/v2\/types\/page"}],"author":[{"embeddable":true,"href":"https:\/\/www.palencia.uva.es\/fr\/wp-json\/wp\/v2\/users\/1"}],"replies":[{"embeddable":true,"href":"https:\/\/www.palencia.uva.es\/fr\/wp-json\/wp\/v2\/comments?post=2760"}],"version-history":[{"count":1,"href":"https:\/\/www.palencia.uva.es\/fr\/wp-json\/wp\/v2\/pages\/2760\/revisions"}],"predecessor-version":[{"id":2761,"href":"https:\/\/www.palencia.uva.es\/fr\/wp-json\/wp\/v2\/pages\/2760\/revisions\/2761"}],"wp:attachment":[{"href":"https:\/\/www.palencia.uva.es\/fr\/wp-json\/wp\/v2\/media?parent=2760"}],"curies":[{"name":"wp","href":"https:\/\/api.w.org\/{rel}","templated":true}]}}

[et_pb_section fb_built=&#8221;1&#8243; _builder_version=&#8221;3.0.47&#8243;][et_pb_row _builder_version=&#8221;3.0.48&#8243; background_size=&#8221;initial&#8221; background_position=&#8221;top_left&#8221; background_repeat=&#8221;repeat&#8221;][et_pb_column type=&#8221;4_4&#8243; _builder_version=&#8221;3.0.47&#8243;][et_pb_text admin_label=&#8221;Saluda&#8221; module_id=&#8221;grados&#8221; _builder_version=&#8221;3.20.2&#8243; text_font=&#8221;Montserrat|||||on|||&#8221; text_text_color=&#8221;#ffffff&#8221; text_font_size=&#8221;40px&#8221; text_font_size_tablet=&#8221;30px&#8221; text_font_size_last_edited=&#8221;on|phone&#8221; text_letter_spacing=&#8221;33px&#8221; text_letter_spacing_tablet=&#8221;0px&#8221; text_letter_spacing_last_edited=&#8221;on|desktop&#8221; text_text_shadow_style=&#8221;preset1&#8243; background_color=&#8221;#bb29bb&#8221; custom_padding=&#8221;1em||&#8221;]
<p>SALUE</p>
[/et_pb_text][/et_pb_column][/et_pb_row][et_pb_row custom_padding=&#8221;27px|0px|0|0px|false|false&#8221; module_class=&#8221;dashicon-enlace&#8221; _builder_version=&#8221;3.0.48&#8243;][et_pb_column type=&#8221;1_4&#8243; _builder_version=&#8221;3.0.47&#8243;][et_pb_text ul_type=&#8221;none&#8221; ol_position=&#8221;outside&#8221; ol_item_indent=&#8221;4vw&#8221; _builder_version=&#8221;3.20.2&#8243; ul_font=&#8221;Roboto|300|||||||&#8221; ul_font_size=&#8221;18px&#8221; ol_font=&#8221;Montserrat|700|||||||&#8221; ol_text_color=&#8221;#bb29bb&#8221; ol_font_size=&#8221;28px&#8221; ol_line_height=&#8221;1.5em&#8221; header_3_text_align=&#8221;center&#8221; header_3_font_size=&#8221;24px&#8221; header_5_font=&#8221;Roboto||||||||&#8221; header_5_text_align=&#8221;justify&#8221; header_5_font_size=&#8221;20px&#8221; header_5_font_size_last_edited=&#8221;on|desktop&#8221; header_5_line_height=&#8221;1.4em&#8221; background_color_gradient_direction=&#8221;90deg&#8221; custom_margin=&#8221;|||&#8221; custom_padding=&#8221;0em|0em|0em|0em|true|true&#8221;]<img loading="lazy" decoding="async" class="size-medium" src="http://www.uva.es/export/sites/uva/1.lauva/1.03.vicerrectorados/1.03.08.palencia/_imagenes/amalia_rodriguez.jpg_1452532527.jpg" alt="Vicerrectora del Campus de Palencia, Amalia Rodríguez González" width="158" height="240" /><br />
Vice-rectrice du Campus de Palencia, Mme. Amalia Rodríguez González<br />
[/et_pb_text][/et_pb_column][et_pb_column type=&#8221;3_4&#8243; _builder_version=&#8221;3.0.47&#8243;][et_pb_text ul_type=&#8221;none&#8221; ol_position=&#8221;outside&#8221; ol_item_indent=&#8221;4vw&#8221; _builder_version=&#8221;3.20.2&#8243; ul_font=&#8221;Roboto|300|||||||&#8221; ul_font_size=&#8221;18px&#8221; ol_font=&#8221;Montserrat|700|||||||&#8221; ol_text_color=&#8221;#bb29bb&#8221; ol_font_size=&#8221;28px&#8221; ol_line_height=&#8221;1.5em&#8221; header_3_text_align=&#8221;center&#8221; header_3_font_size=&#8221;24px&#8221; header_5_font=&#8221;Roboto||||||||&#8221; header_5_text_align=&#8221;justify&#8221; header_5_font_size=&#8221;20px&#8221; header_5_font_size_last_edited=&#8221;on|desktop&#8221; header_5_line_height=&#8221;1.4em&#8221; use_background_color_gradient=&#8221;on&#8221; background_color_gradient_start=&#8221;rgba(0,0,0,0.04)&#8221; background_color_gradient_end=&#8221;rgba(255,255,255,0)&#8221; background_color_gradient_direction=&#8221;90deg&#8221; background_color_gradient_start_position=&#8221;25%&#8221; background_color_gradient_end_position=&#8221;50%&#8221; custom_margin=&#8221;|||&#8221; custom_padding=&#8221;2em|3em|2em|3em|true|true&#8221;]
<h3>Salutations de la Vice-rectrice du Campus de Palencia</h3>
<h5>Depuis le Campus de Palencia de l’Université de Valladolid, je souhaite la bienvenue à toutes les personnes qui désirent nous connaître; venez connaître nos qualifications et nos établissements: l’École Technique supérieure de Génies Agraires, la Faculté d’Éducation et la Faculté des Sciences du Travail, ainsi que nos structures de recherche comme l’Institut universitaire forestier (IuFor), la Chaire d’Études de Genre ou la Chaire de Mycologie.</h5>
<h5>L’engagement avec notre environnement, avec notre ville et notre province, ainsi que l’excellence universitaire nous caractérisent, ce qui est largement démontré par l’expérience en matière d’enseignement et de recherche – références nationales et internationales en plusieurs secteurs – de nos enseignants. Nous misons sur l’enseignement de qualité et sur la recherche, en rappelant toujours que les investissements en recherche sont plus que repris dans la société à laquelle, en fin de compte, notre Université rend service. Nous misons aussi sur une université internationalisée et faisons de grands efforts en ce qui concerne la virtualisation de nos études. Nous avons de grands soucis pour l’employabilité de nos élèves, et conscients du fait que les stages en entreprise favorisent le recrutement sur le marché du travail, nous cherchons sans cesse des collaborations avec des entreprises.</h5>
<h5>Nous sommes un Campus ouvert à la société et inclusif qui mise sur la diversité en étant conscients que nous devons rendre notre travail encore plus visible. Pour ces raisons, nous voulons vous inviter à nous rendre visite et, aux plus jeunes, à venir étudier chez nous.</h5>
[/et_pb_text][/et_pb_column][/et_pb_row][/et_pb_section]

<p>SALUE Vice-rectrice du Campus de Palencia, Mme. Amalia Rodríguez González Salutations de la Vice-rectrice du Campus de Palencia Depuis le Campus de Palencia de l’Université de Valladolid, je souhaite la bienvenue à toutes les personnes qui désirent nous connaître; venez connaître nos qualifications et nos établissements: l’École Technique supérieure de Génies Agraires, la Faculté d’Éducation [&hellip;]</p>

<h3>Saluda de la Vicerrectora del Campus de Palencia</h3><p>Desde el Campus de Palencia de la Universidad de Valladolid, bienvenidas a todas aquellas personas que quieran acercarse a conocernos; que vengáis a conocer nuestras titulaciones y nuestros centros: la Escuela Técnica Superior de Ingenierías Agrarias, la Facultad de Educación y la Facultad de Ciencias del Trabajo, y nuestras estructuras investigadoras como el Instituto Universitario Forestal (IuFor) la Cátedra de Estudios de Género o la Cátedra de Micología.</p><p>El compromiso con nuestro entorno, con nuestra ciudad y provincia, así como la excelencia universitaria nos caracterizan, como demuestra sobradamente la trayectoria docente e investigadora –referentes nacionales e internacionales en varias áreas- de nuestros docentes. Apostamos por la docencia de calidad y por la investigación, recordando siempre que la inversión en investigación revierte con creces en la sociedad a la que, en último extremo, presta servicio nuestra Universidad. Apostamos igualmente por una universidad internacionalizada y nos esforzamos en la virtualización de nuestros estudios. Nos preocupa la empleabilidad de nuestro alumnado por lo que siendo conscientes de que las prácticas en empresa son un puente sólido hacia la contratación en el mercado laboral, buscamos el incremento continuo de convenios con empresas. Somos un Campus abierto a la sociedad e inclusivo que apuesta por la diversidad siendo conscientes de que debemos visibilizar nuestro trabajo aún más. Por todo ello quiero invitaros a que vengáis a visitarnos y a los más jóvenes, animaros a venir a estudiar con nosotros.</p>
